*n + 32 + 78. What is q(n)?
-56
Let d(o) be the second derivative of -o**3/6 + 13*o**2/2 - 3*o. Suppose 4*v + 4*n = -4, 40*v - n - 1 = 37*v. Give d(v).
13
Let s be (6/5)/((-2)/(-10)). Suppose -u + 2*u + s = -z, u = 2*z + 6. Let o(h) = 6*h**2 + h + 2. What is o(u)?
24
Let y = 21 - 13. Let a(s) = 3*s + 7 + y*s - s**2 - 10*s. Give a(0).
7
Let a(k) be the second derivative of -1/60*k**5 - 1/720*k**6 + 3*k + 0 + 1/6*k**4 + 0*k**3 + 0*k**2. Let p(j) be the third derivative of a(j). What is p(4)?
-6
Let h(f) = 2*f**3 - 285*f + 6 - 2*f**3 - 5*f**2 - f**3 + 288*f. Let q be 70/6 - (-3)/9. Let d = -17 + q. What is h(d)?
-9
Let y(k) be the first derivative of k**2/2 + 26. Let i be 1 + 0 - (4 - 8). Suppose -2*x + 5*g = -4, -i*x - 14 = 5*g + 11. What is y(x)?
-3
Let w(n) be the second derivative of 11*n + 3/2*n**2 + 0 + 1/2*n**3. Let f(v) = v**2 + 7*v + 7. Let o be f(-5). Calculate w(o).
-6
Let t(o) = -o**3 - 4*o**2 + 13*o + 36. Let h be t(-5). Let u = -15 - -7. Let i = h - u. Let w(j) = j**2 - j - 5. Calculate w(i).
7
Suppose -4*w - 6*w - 20 = 0. Let m(l) = 2*l + 3. Let x(o) = -6*o - 9. Let j(k) = w*x(k) - 7*m(k). Calculate j(-4).
5
Let m(r) = -26*r**3 - 1. Let u be (-6)/(-27) + -3 + 204/54. Give m(u).
-27
Let d(q) = -q - 17. Let p be d(-13). Let t(g) = g**2 + 1 + g + 5 - 4. Determine t(p).
14
Let a = -3 - -6. Let k(j) = 2*j**3 - 3*j**2 - 3*j - 3. What is k(a)?
15
Let f(s) = -5*s**2 - 5*s - 5. Let p = 60 + -61. Let r be f(p). Let i(w) = -w**2 - 7*w - 3. Give i(r).
7
Let r be (-6)/(-21) + 4/(-14). Suppose r = p - 3 - 0. Suppose -4*h - 3 = -p*h. Let d(t) = t + 1. Give d(h).
-2
Let w(a) = 8*a - 4. Suppose -38*z + 86 = -28. Give w(z).
20
Let v(x) = -2*x - 1. Let l(s) = -3*s**2 - 3*s + 3. Let c be l(3). Let y = 28 + c. Give v(y).
9
Let i(m) be the second derivative of m**4/6 + 5*m**3/6 - 4*m**2 + 2*m + 13. What is i(2)?
10
Let n(k) = -165*k + 160*k - 2 - 1. What is n(-5)?
22
Suppose 25*o + 6*o - 124 = 0. Let t(j) = j**3 - 4*j**2 - 2*j + 3. Calculate t(o).
-5
Let s(t) = -t**2 + 2*t + 3. Let o(p) = -p. Let q(i) = -5*o(i) - s(i). Suppose 4*c = -3*g - 3, g - 5*g - 35 = -5*c. Determine q(c).
15
Let l(c) = 29*c**2 - 77*c**2 - 16 + 20*c**2 + 7*c + 27*c**2. Calculate l(4).
-4
Let p be -3*(-9)/((-108)/(-16)). Let i(g) = 2*g + p + 2 - 4. What is i(7)?
16
Let z(n) = 2*n + 13. Suppose i - 5*w = 6, 2*i + 0*w + 21 = -w. Calculate z(i).
-5
Let i(s) = -s - 8. Let d(x) = -x - 39. Let h(o) = 2*o + 83. Let t(a) = 13*d(a) + 6*h(a). Let k = -10 - -5. Let m(q) = k*i(q) + 6*t(q). Calculate m(0).
-14
Suppose -6*c - 15 = -c. Let q(l) be the second derivative of -l**2 - 21*l + 0*l**3 + 1/12*l**4 + 0. Calculate q(c).
7
Let n = -279 + 278. Let u(i) = -20*i + 1. Calculate u(n).
21
Let q(z) = z - 11. Let y be q(-13). Let f = 32 + y. Suppose a = -3 + f. Let l(j) = -j**2 + 5*j. Calculate l(a).
0
Let s(q) = -3*q + 2. Let o(a) = -a - 1. Let t(l) = -l**3 + 13*l**2 - 2*l + 24. Let r be t(13). Let f(g) = r*o(g) + s(g). Determine f(0).
4
Let t(k) = 3*k**2 - 11*k. Let b(r) = -7*r**2 + 22*r. Let c(d) = 2*b(d) + 5*t(d). Let n = 5 + 6. Let g be c(n). Let w(x) = -x**3 - 1. Calculate w(g).
-1
Let s = 1 - 0. Let q = -58 + 58. Let c(d) = 0 - 2*d + d - s + q. Determine c(0).
-1
Suppose 4*s = 2*s + 4. Suppose -9*x + 30 + 6 = 0. Let r = s + x. Let w(i) = -i - 1. What is w(r)?
-7
Let y(m) be the third derivative of m**6/120 - m**5/15 - 5*m**4/24 + m**3/2 + 2*m**2 + 62*m. Calculate y(5).
3
Let u(h) = -h**2 + 9*h. Suppose -4*n - 13*o + 12*o = -35, -5*o = -2*n + 45. What is u(n)?
-10
Let a(z) = -z - 1. Let m(y) = -y - 7. Let k = -11 + 11. Let d be m(k). Let x be 2/d + (-12)/7. Calculate a(x).
1
Let j(g) be the third derivative of 1 - 1/8*g**4 + 1/15*g**5 - 1/2*g**3 + 14*g**2 - 1/120*g**6 + 0*g. Let u be (2/1)/((-4)/(-6)). Determine j(u).
-3
Let x(d) = 2*d + 3. Suppose 0 = -r + 3*t - 14 + 1, 0 = r - 2*t + 10. Calculate x(r).
-5
Let b(w) = 0*w**3 - 800*w + 792*w + w**3 + 6*w**2 - 1. Let m = -20 + 13. What is b(m)?
6
Let d be 20/6*(-3)/(-2)*1. Suppose -4*j + 13 = d*w - 22, -5*j + 40 = 5*w. Let t(l) = 2*l + 4 - 6*l + 3*l. Give t(j).
-1
Suppose -4*v - 5*n = 18, -3*v = 2*v - n + 37. Suppose 3*x + q - 37 = 0, 3*x - q - 45 = -4*q. Let k(h) = 0*h + 3*h**2 - x*h**2 - h**3 - 7*h + 2. Calculate k(v).
2
Let k(p) = -4 + 2*p**2 - p + 6*p - 2*p**2 - p**2. Let r be k(3). Let o(d) = 2 - r - 3*d. What is o(2)?
-6
Let a = 42 - 33. Let p(j) = j**2 - 3*j**2 - 2*j**2 + 2 + 5*j**2 - a*j. Calculate p(6).
-16
Let n be (78/(-16))/(-13) + 59/(-8). Let h(v) = -3*v - 8. Give h(n).
13
Let q(y) = -y**2 - 2*y + 1. Let x = 131 + -112. Let u(r) = -r - 22. Let z be u(0). Let h = z + x. Give q(h).
-2
Let c(w) = -2*w**2 - 7*w. Let i(y) = 6*y**2 + 20*y - 1. Let j(a) = 11*c(a) + 4*i(a). Calculate j(3).
23
Let k(j) be the third derivative of -j**6/120 + 7*j**5/60 + j**4/6 - j**3/6 - 26*j**2. Determine k(7).
27
Suppose 5*h - 70 = -4*j, 6*h - 35 = 3*h - j. Let n(d) = 16*d**2 - 4*d**2 - 7*d**2 - 4*d**2 + 9 + h*d. Determine n(-8).
-7
Let y = -4 + 5. Suppose y = -v + 2. Suppose v = -w - 2. Let x(d) = -d**3 - 4*d**2 - d + 4. Calculate x(w).
-2
Let v = 7 - 26. Let k = 1117 + -1105. Let h = v + k. Let o(d) = -d**2 - 6*d - 3. What is o(h)?
-10
Let f(s) be the third derivative of s**6/120 + 7*s**5/60 + s**4/12 + s**3/2 + 4*s**2 + 1. Give f(-7).
-11
Let t(m) = -m**3 - 7*m**2 + 5*m + 7. Let j(n) = 14*n**2 - 11*n - 11*n**3 + 13*n**3 - 24 + 9. Let u(o) = 4*j(o) + 9*t(o). Calculate u(-7).
-4
Suppose 12*r = 11*r. Let s = r + 2. Let h(w) = -4*w + 1. Give h(s).
-7
Let a(o) = o**2 - 9*o + 22. Suppose -12*g - 30 = -3*m - 9*g, g - 32 = -5*m. Determine a(m).
8
Let i = -4 - 1. Let x(a) = 2*a**2 + 6*a - 7. Let f(b) = 3*b**2 + 9*b - 11. Let r(v) = -5*f(v) + 8*x(v). Give r(i).
9
Let k(d) = d**2 + 4*d + 3. Suppose -46 = y + 2. Let v = -24 - y. Let m = v + -26. Determine k(m).
-1
Suppose -3*d + 9 = -2*d - 2*k, 18 = 2*d + 3*k. Let n be 3/d - 4/3. Let l(b) be the second derivative of -2*b**4/3 - b**2/2 - 5*b. Give l(n).
-9
Suppose -7*r - 15 = -4*r. Let b(d) be the first derivative of 16 + 2*d**2 + 1/3*d**3 + 5*d. Determine b(r).
10
Let t(c) = -2*c - 5. Let y be 1/((9/(-24))/3). Calculate t(y).
11
Let m(r) be the first derivative of 3*r**4/4 - r**3/3 - r**2 - 26. Determine m(-2).
-24
Let l(w) = 4*w - 5. Let h(u) = -u + 1. Let m(s) = -6*s + 43. Let a be m(8). Let d(o) = a*h(o) - l(o). Give d(1).
1
Let g(z) = -3*z**2 - 2 + 2*z - 1 - 2*z**2 + 6*z**2. Let f be g(0). Let l(k) = -2*k**2 - 5*k - 3. What is l(f)?
-6
Let x(t) = -t**3 + 7*t**2 - 8*t + 6. Let n be x(6). Let b = -3 - n. Let w(f) be the first derivative of -2*f**3/3 + 3*f**2/2 - 4*f - 1. Calculate w(b).
-13
Suppose 3*k + 29 = -0*k + 4*q, 0 = -5*k + 2*q - 25. Let m(r) = r**3 + 7*r**2 + 2. Give m(k).
38
Let w(s) = s**2 - 13*s - 4. Let p = -167 + 173. What is w(p)?
-46
Let w(t) be the first derivative of 45*t**2/2 + 234. What is w(1)?
45
Suppose -v - 26 = -2*c, 3*c - 13*v - 25 = -15*v. Let g(r) = r**3 - 11*r**2 + 2*r. What is g(c)?
22
Let n(c) be the first derivative of c**4/8 + c**3 + 21*c**2 - 22. Let q(m) be the second derivative of n(m). What is q(-5)?
-9
Let g(z) be the second derivative of -4*z**2 + 11*z + 1/6*z**3 + 0. Give g(0).
-8
Let y(h) = h**3 + 6*h**2 - h - 4. Let x be y(-6). Let n(u) = -302*u**3 - 6*u + 4*u**x + 3*u**2 + 6 + 301*u**3. Determine n(6).
6
Let d(t) = -3*t - 2. Suppose -2*x = 3*l - 8*l + 17, 0 = -2*l + 10. Suppose -18 = -2*j - x*j. Give d(j).
-11
Let q(d) = d**3 - 5*d**2 - 6*d - 2. Let i = -279 - -286. Determine q(i).
54
Let k(b) be the third derivative of b**7/2520 + b**6/90 + b**5/12 + 21*b**2. Let s(g) be the third derivative of k(g). What is s(-6)?
-4
Let m(y) = -y**2 - 9*y + 5. Suppose 91*t + 70 = 81*t. Determine m(t).
19
Let n(c) be the first derivative of -4*c - 28 + 43 + c**2 - 27. Determine n(8).
12
Let d(i) = 3*i**2 - 8*i - 2. Let z(o) = 2*o**2 - 8*o - 3. Let v(h) = 3*d(h) - 4*z(h). Let x be v(-5). Let p(k) = k**2 + 9*k - 6. Determine p(x).
-6
Let y(s) = s. Let v(w) = -5*w - 4. Let c(g) = v(g) + 6*y(g). Let a(h) = -h - 20. Let r be a(-24). Calculate c(r).
0
Let h(m) = m**3 - m + 8*m**2 + 8*m - m. Let n(a) = a**3 + 26*a**2 + 104*a - 12. Let l be n(-5). Calculate h(l).
7
Let h(v) be the first derivative of -v**5/60 + 5*v**4/24 + 2*v**3/3 - 35*v**2/2 - 23. Let k(f) be the second derivative of h(